the units digit of v(r)?
7
Suppose -255*h + 250*h + 2715 = 0. What is the tens digit of h?
4
Let u(c) = -c**3 + 10*c**2 + c + 20. Let i(p) = 6*p**2 - 5*p - 4. Let h be i(2). What is the units digit of u(h)?
0
Let h = -1147 + 2895. What is the thousands digit of h?
1
Let c = 1607 + -783. What is the units digit of 24/108 + c/18?
6
Let x = 104 + -63. Let g = x + -33. What is the units digit of g?
8
Suppose -5*o - 5*y + 35 = 0, 4*o = 3*o - 4*y + 22. Suppose -n + w + 42 + 39 = 0, -2*w + 182 = o*n. What is the tens digit of n?
8
Suppose -5*d = 2*d + 2*d. Suppose b - w - 33 = 46, d = -3*b + 2*w + 233. What is the units digit of b?
5
Suppose 4*y - 2*y - 3087 = b, 4*y = -3*b + 6189. What is the thousands digit of y?
1
Let n = 9663 - 5859. What is the hundreds digit of n?
8
Let w(f) = 2*f**2 - 7. Let x(m) = -m**2 + 8. Let b(u) = u + 4. Let l be b(-2). Let p(k) = l*w(k) + 3*x(k). What is the tens digit of p(0)?
1
Let a(i) = 33*i**2 - 3*i - 13. Let r be a(3). Let o = r + -45. What is the tens digit of o?
3
Let s be 5/(-2)*10/(-5). Suppose -s*m + 27 + 8 = 0. What is the units digit of m?
7
Let z(p) = -p**2 + 5*p + 2934. What is the thousands digit of z(0)?
2
Let a(f) = 6*f - 21. Let r be a(6). What is the units digit of r/(-1)*39/(-65)?
9
Let h be 1/((9/(-90))/(4/(-10))). Suppose 0 = h*x, -4*v = -4*x - 621 + 161. What is the tens digit of v?
1
Suppose -152 = 2*o - 4*i, 2*o + 133 + 20 = 5*i. Let y = o - -150. What is the tens digit of y?
7
Suppose 13 = 4*w + 5. Suppose -7*n + w*n = 10. Let y(t) = -6*t + 2. What is the tens digit of y(n)?
1
Let k = -514 + 976. What is the tens digit of k?
6
Suppose -2*o - i = -0*i - 10, 0 = 5*o + 2*i - 25. Suppose 2*n - 3*c - 35 = -o, 0 = 5*n - 4*c - 61. Suppose 0 = n*y - 5*y - 256. What is the tens digit of y?
6
Let f be 342/(-81) + (-4)/(-18). Let l = -1 - f. What is the units digit of l?
3
Let l = 0 + 5. What is the units digit of 22/(-10) - -2 - (-36)/l?
7
Suppose -u - 3*j = -41, -2*u + 0*j = 3*j - 67. Let q = -3 + 8. Suppose 5*d + 1 - u = q*p, p = -3*d + 35. What is the tens digit of d?
1
What is the units digit of 94/(4/3*(-6)/(-4))?
7
Let w = 8 - 4. Suppose d + 5 + 324 = 4*f, 3*f - 261 = -w*d. What is the units digit of f?
3
Let y(q) = -q**2 + 15*q - 10. Let g be (-2)/6*3 + 13. Let r be y(g). Suppose -3*j + r = -2*s, -j - 35 = -6*j + 5*s. What is the tens digit of j?
1
Let r be (3/2)/(8/48). Let w be 116/(-16) + r/(-12). What is the tens digit of 80/10 - w/2?
1
Suppose 26719 + 8181 = 10*q. What is the tens digit of q?
9
Let g(d) = -11*d**2 - d + 8. Let h be g(-3). What is the tens digit of 1366/11 - (-16)/h?
2
Let d(g) = -4*g**3 + g + 1. Suppose o = 4 + 2. Suppose -2*t + 2*u = 0, t - o = 6*t - 2*u. What is the units digit of d(t)?
1
Let o be (-2)/6 + 488/24. Suppose -58 = -4*g - 0*g - f, 2*g - 28 = -f. Let n = o - g. What is the units digit of n?
5
Let s(x) = 15*x**2 - 21*x - 7. What is the tens digit of s(9)?
1
Suppose -593 = 4*h - 1929. What is the units digit of h?
4
Suppose 14*k = 14966 + 10990. What is the hundreds digit of k?
8
Let n(t) = t**3 + 5*t**2 - 2*t - 8. Let a be n(-5). Suppose -108 = -a*l - 34. What is the tens digit of l?
3
Let i = 1989 - -574. What is the tens digit of i?
6
Let c(z) be the second derivative of -z**5/20 - 13*z**4/12 + z**3/3 + 3*z**2/2 + 3*z. Let h be c(-13). What is the tens digit of -13 - h - 3/(-1)?
1
Let h = 103 - -160. What is the units digit of h?
3
Suppose -43 = -3*c + 101. Let d = c + -17. What is the tens digit of d?
3
Let j = 112 + 51. What is the hundreds digit of j?
1
Let k(t) = 29*t - 29. What is the units digit of k(11)?
0
Suppose 3117 = 5*b - 2*j, -j - 1867 = -3*b - 3*j. What is the units digit of b?
3
Let n(x) = -8*x + 13. Let a be n(-5). Let z = a - 51. What is the units digit of z?
2
Let p = 17 + 190. What is the hundreds digit of p?
2
Let p(k) = k**2 + 4*k + 1. Let i(m) = -1. Let g(s) = -i(s) + p(s). What is the tens digit of g(-6)?
1
Let p = 53 + -52. What is the tens digit of 1/(((-2)/(-180))/p)?
9
Suppose 6018 = 13*a - 7905. What is the units digit of a?
1
Let l(x) = -69*x + 110. What is the hundreds digit of l(-5)?
4
Suppose 0 = 2*h + t - 20, 4*h - t - 36 + 8 = 0. Let a be (h/12)/(1/288). Suppose 0 = -4*y - 2*f + 208, 4*f - a = -3*y - 31. What is the tens digit of y?
5
Suppose -4*g = -3 - 9. Let c(z) = -z**2 + 0*z + 2*z + g*z - 3 + 0*z. What is the units digit of c(3)?
3
Suppose -17*d = 148 + 192. What is the units digit of 1*((-78)/(-65))/((-1)/d)?
4
Suppose -21 = 3*w + 5*t + 1, -2*w - t = 10. Let m = -4 - w. Suppose m = 3*g + g - 3*c - 22, 3*g - 5*c = 11. What is the units digit of g?
7
Let j = -10 + 28. Suppose 19*z - j*z = 30. What is the units digit of z?
0
Suppose -3*z + 5*l = -0*l - 26, 0 = -4*z - 2*l. Suppose -2*m = -4*s + 2, z*m + 3*s - 5 = -21. What is the units digit of (-114)/(-8) + m/20?
4
Suppose 17*s = 22*s - 885. Let q = s + -126. What is the tens digit of q?
5
Let d(o) be the second derivative of 2*o**3/3 + 5*o**2 + o. Let v be ((-24)/14)/((-18)/84). What is the units digit of d(v)?
2
Suppose -199 = -3*d + 2. Suppose 0 = 4*z - 3*m - d, -3 - 6 = -3*m. Let r = -2 + z. What is the units digit of r?
7
Let i be -1 - 1/2*-1934. Suppose 5*r + 2*m = -28, -2*r + 5*m = -7*r - 25. What is the tens digit of (-2)/r + i/18?
5
Let n be (2 + 0/(-2))/(6/(-156)). Let j = 65 + n. What is the units digit of j?
3
Suppose -3*o - 440720 = -83*o. What is the units digit of o?
9
Suppose 2*o = -3*o + 5, -5*y - 2 = -2*o. Suppose y = 2*k - 60 + 16. What is the tens digit of (-759)/k*(-2)/3?
2
Let k = -109 - -75. Let w = -14 + 77. Let p = w + k. What is the tens digit of p?
2
Suppose -2*i + 2*w + 72 = 194, 4*w + 276 = -4*i. What is the units digit of (i/10 + 6)/(2/(-28))?
7
Let o(l) = l**3 + 5*l**2 - 1. Suppose -2 = -3*w + 4*w. What is the tens digit of o(w)?
1
Let z(n) = n**2 - 2*n - 1. Let l be z(0). What is the units digit of (2 + l)*-3*(-262)/6?
1
Suppose -5*n = l - 1845, -3*l + 9*n - 4*n + 5495 = 0. What is the units digit of l?
5
Let i = 287 + -178. What is the tens digit of i?
0
Let g(f) = 4*f**2 + 15*f - 21. Let x(z) = z**2 + 4*z - 5. Let q(o) = -2*g(o) + 9*x(o). What is the tens digit of q(-12)?
6
Let o be (2/6)/((-21)/(-126)). What is the units digit of ((-144)/o)/(30/(-20))?
8
Let g(z) = -124*z**2 + 2. Let p be g(-1). Let c = 188 + p. What is the tens digit of c?
6
Let x(z) = -84*z**3 + 8*z**2 + 11*z + 2. What is the units digit of x(-2)?
4
Suppose 5*j + 16 = 2*d, 0*d + 10 = 2*d - 2*j. Let x be (-27)/(-18)*4/d. Suppose -3*m - 46 = -2*l, -2*l + 3*l - 16 = -x*m. What is the units digit of l?
0
Let k(g) = 6*g**2 - 4*g - 1. Let p be k(3). Let b = p + 13. What is the tens digit of b?
5
Let p(m) = -3*m + 4 + 1 + 4*m - 7. Let u be p(6). Suppose 40 = -2*x + u*x. What is the tens digit of x?
2
Let h = -143 - -133. What is the units digit of ((-25)/h)/((-3)/(-144))?
0
Suppose 7*v - 2*v = 30. Suppose 0 = -5*y + v*y - 21. Suppose -101 + y = -4*p. What is the units digit of p?
0
Suppose 3*l + 37 = 100. Suppose l*x - 360 = 17*x. What is the tens digit of x?
9
Suppose -25*c + 28*c = 1479. What is the hundreds digit of c?
4
Let l be -1 - (1 - 5)*(-1244)/(-16). Let v = l - 184. What is the tens digit of v?
2
Suppose 8*v - 3864 - 2000 = 0. What is the hundreds digit of v?
7
Let j(a) = a**2 + 6*a + 16. What is the units digit of j(-8)?
2
Let p = -8 + 4. What is the units digit of 63 + p + 3 + -1?
1
Let f = 7 - 2. Let v = f + 1. What is the units digit of (-8)/v*(-90)/20?
6
Let s(g) = 45*g - 28. What is the units digit of s(9)?
7
Let h = 34 - 28. Let m = h - 2. What is the units digit of m?
4
Let i = 839 - -183. What is the units digit of i?
2
Let a(w) = -8*w**2 + 1 + 8*w**2 + 3*w**2 - 2. Let z be a(2). Suppose 0 = -2*x + z + 41. What is the tens digit of x?
2
Let l be (-581)/(-49) - (-1)/7. Suppose -l = -4*f + 60. Suppose x = -2, 5*j - 18 - f = -2*x. What is the units digit of j?
8
Suppose 6*v - 398 = 64. Suppose 0 = -2*g + 4, 5*s = -2*g - 76 + 285. Let d = v - s. What is the units digit of d?
6
Let q = -28 - -26. What is the units digit of (q*23)/(7 - 8)?
6
Let r be (112/20 - 5)/(1/5). Let t(a) = 2*a**3 - 3*a**2 + a - 2. What is the tens digit of t(r)?
2
Let q(t) be the third derivative of 0*t + 0 + 1/40*t**6 + 0*t**4 + 1/3*t**3 - 4*t**2 + 1/60*t**5. What is the units digit 